-135?
137
In base 4, what is -1301 - 10?
-1311
In base 11, what is 1 + -221?
-220
In base 12, what is 4 + 198?
1a0
In base 6, what is 2132 - -5?
2141
In base 4, what is 0 + -211?
-211
In base 3, what is 12 - -110?
122
In base 7, what is 65346 + -3?
65343
In base 3, what is 2010120 + -1?
2010112
In base 8, what is -10 + 5?
-3
In base 13, what is -30 - 3a?
-6a
In base 9, what is 255 - 3?
252
In base 10, what is 62 - -4?
66
In base 16, what is -21d8 - 2?
-21da
In base 3, what is -122 + -12?
-211
In base 4, what is 2 - 132122?
-132120
In base 4, what is 13 - -13021?
13100
In base 2, what is -100 - -1100001011?
1100000111
In base 16, what is 2513 - -5?
2518
In base 6, what is 10 + -31?
-21
In base 5, what is -21 + -4102?
-4123
In base 14, what is 4 - 2?
2
In base 4, what is -3 - -1301?
1232
In base 2, what is 101110 + 10101?
1000011
In base 2, what is 110010001 + 100?
110010101
In base 9, what is -1 - -2?
1
In base 8, what is 132 + -7?
123
In base 3, what is 1121011 - -2?
1121020
In base 9, what is 551 + 13?
564
In base 11, what is 2106 + 1?
2107
In base 11, what is -7 + -97?
-a3
In base 3, what is -10001 - -12?
-2212
In base 15, what is 13 - -81?
94
In base 12, what is -2 - 44?
-46
In base 14, what is b9 - 5?
b4
In base 3, what is 11 + 101220?
102001
In base 15, what is -5 - -18d?
188
In base 9, what is 436 + 2?
438
In base 15, what is -3 + 2a?
27
In base 6, what is -3 + 2442?
2435
In base 5, what is 3 + 1443?
2001
In base 14, what is 5 + 168?
16d
In base 4, what is 210 - 110?
100
In base 3, what is 11111012 + 2?
11111021
In base 7, what is 502 + 3?
505
In base 12, what is 1a9 - -14?
201
In base 14, what is 5 - -c?
13
In base 2, what is 111 + 1000110?
1001101
In base 14, what is 8 + 0?
8
In base 9, what is 230 + -30?
200
In base 13, what is 2 - a2?
-a0
In base 15, what is 5 - -3e2?
3e7
In base 10, what is 436 - 0?
436
In base 3, what is 12 - 201?
-112
In base 10, what is -2 + 19?
17
In base 8, what is 6160 - 5?
6153
In base 13, what is -5 - -1?
-4
In base 5, what is -21204 - 1?
-21210
In base 3, what is -121210201 + 12?
-121210112
In base 16, what is 4 - -3e?
42
In base 14, what is 16 - -6?
1c
In base 2, what is 11 - -11100?
11111
In base 15, what is -144d + -5?
-1453
In base 15, what is 323 + 3?
326
In base 15, what is 6c - 1a?
52
In base 9, what is -3384 - -3?
-3381
In base 4, what is 23 + -113202?
-113113
In base 5, what is 1132 + 10?
1142
In base 2, what is 10000111100111 + -100?
10000111100011
In base 7, what is -2 - 32?
-34
In base 16, what is -5 + 53?
4e
In base 6, what is -102220 + 5?
-102211
In base 10, what is -132 - 5?
-137
In base 5, what is 21130 + 21?
21201
In base 8, what is 34 + 14?
50
In base 16, what is 4 - -3?
7
In base 12, what is 4 - 4a6?
-4a2
In base 11, what is -4 - 129?
-132
In base 11, what is 3380 - -2?
3382
In base 5, what is 204 - 1243?
-1034
In base 10, what is -327 + 29?
-298
In base 3, what is -21 + 111010?
110212
In base 11, what is 1 - -30?
31
In base 11, what is 247 - 5?
242
In base 16, what is -1b + -f?
-2a
In base 5, what is 2304 + -2?
2302
In base 6, what is 1104 + -31?
1033
In base 13, what is 1 - 49?
-48
In base 10, what is -5 + -10?
-15
In base 7, what is -111 + 11?
-100
In base 3, what is -111 - -2222000?
2221112
In base 16, what is 5 + -3?
2
In base 8, what is -3 - -214?
211
In base 16, what is 7 - -2d4?
2db
In base 15, what is 7d8 + -2?
7d6
In base 12, what is 5 - -10?
15
In base 4, what is 2 - 202?
-200
In base 5, what is 1 + -40?
-34
In base 4, what is 111120 + 0?
111120
In base 8, what is 101 - 1?
100
In base 8, what is -663 - -1?
-662
In base 2, what is 1 - -101100?
101101
In base 9, what is 2 - 286?
-284
In base 6, what is 11 - 10111?
-10100
In base 8, what is 75 + -5?
70
In base 11, what is 581 + 4?
585
In base 8, what is 112 - 3?
107
In base 13, what is 361 + b?
36c
In base 2, what is 10011011110 - 1?
10011011101
In base 15, what is -124b - -1?
-124a
In base 11, what is -217 - -1?
-216
In base 9, what is -5 + 3101?
3085
In base 11, what is 81 + a?
90
In base 8, what is 53024 - 3?
53021
In base 15, what is -1c5c - 4?
-1c61
In base 12, what is 1 + -299?
-298
In base 13, what is 2c + -10?
1c
In base 10, what is 106 - 5?
101
In base 5, what is 320 - -21?
341
In base 10, what is 42 + -4?
38
In base 8, what is 125 - -5?
132
In base 12, what is 48 + a?
56
In base 13, what is 6 - 2?
4
In base 16, what is 2d + 0?
2d
In base 8, what is -2 - 201?
-203
In base 5, what is -34 - -233?
144
In base 13, what is 14c - -49?
198
In base 15, what is -5 + 12b?
126
In base 12, what is 32 - -3?
35
In base 4, what is 123 - -2?
131
In base 15, what is 198 - -7?
1a0
In base 14, what is -15 + 0?
-15
In base 10, what is -3 + -884?
-887
In base 8, what is -25 + 5?
-20
In base 5, what is 0 + -1200?
-1200
In base 5, what is -2 - 2012?
-2014
In base 15, what is -2846 - 1?
-2847
In base 16, what is 28 - -4?
2c
In base 5, what is -10 - 2102?
-2112
In base 9, what is 234 + -8?
225
In base 16, what is 14 + c?
20
In base 3, what is 10021 + 0?
10021
In base 10, what is 1 - 3617?
-3616
In base 15, what is -8 - 3d?
-46
In base 16, what is 524 + 1?
525
In base 2, what is 1010 + -1100001011?
-1100000001
In base 16, what is -26 - 5?
-2b
In base 2, what is -1 - -111111111?
111111110
In base 3, what is -11 + 1021?
1010
In base 10, what is -5 - 37?
-42
In base 14, what is 71 + 7?
78
In base 15, what is 0 + 10d?
10d
In base 5, what is 10 - 23243?
-23233
In base 7, what is 16 - 1312?
-1263
In base 15, what is 1737 - -4?
173b
In base 13, what is -2 - -a45?
a43
In base 13, what is 2 - -145?
147
In base 15, what is -1b + -2?
-1d
In base 16, what is 6 - 47?
-41
In base 4, what is -10 + 32311?
32301
In base 7, what is 215 + 106?
324
In base 15, what is 3d0 + 6?
3d6
In base 3, what is 10 - -2?
12
In base 9, what is 116 + 42?
158
In base 10, what is -113 + -11?
-124
In base 15, what is 17b + 4?
180
In base 7, what is 3 - 51?
-45
In base 9, what is 375 + 1?
376
In base 12, what is 1 - -16?
17
In base 6, what is 2 + -5031?
-5025
In base 8, what is -1 - 62?
-63
In base 15, what is 1e - 2?
1c
In base 6, what is -23 + 2?
-21
In base 5, what is -2 - 1444?
-2001
In base 11, what is 32 + 5?
37
In base 2, what is -11 - -11111?
11100
In base 3, what is -110 + -2101?
-2211
In base 8, what is -1 - 3433?
-3434
In base 11, what is -49 + 25?
-24
In base 8, what is -14 - -1?
-13
In base 11, what is 1 + -40?
-3a
In base 9, what is -25 + -883?
-1018
In base 14, what is -d332 + 2?
-d330
In base 8, what is 11314 - 0?
11314
In base 11, what is 448 + -2?
446
In base 10, what is -4 - -33?
29
In base 10, what is 33 + -11?
22
In base 15, what is 34 + -4?
30
In base 16, what is -3 - 2de?
-2e1
In base 3, what is 20002 - -2?
20011
In base 13, what is -430 - -10?
-420
In base 4, what is -1111323 + 11?
-1111312
In base 2, what is -11 + 1001?
110
In base 9, what is 834 - 5?
828
In base 10, what is 2 + -227?
-225
In base 7, what is -20 + 16?
-1
In base 4, what is -22030 - -3?
-22021
In base 11, what is 108 + 4?
111
In base 15, what is -3 - 42?
-45
In base 5, what is -2014 + -110?
-2124
In base 4, what is -10 - -32100?
32030
In base 13, what is 3b04 + 2?
3b06
In base 13, what is -312 - 4?
-316
In base 3, what is 12 + -12022?
-12010
In base 6, what is 140 + -415?
-235
In base 3, what is 1212 + -11?
1201
In base 12, what is -33 - 4?
-37
In base 4, what is 133 + -2?
131
In base 8, what is -3325 - 2?
-3327
In base 3, what is 0 - -112?
112
In base 3, what is -20 - 22012?
-22102
In base 10, what is 1 + 8316?
8317
In base 13, what is 1 + -1cc?
-1cb
In base 12, what is -4a1 + 8?
-495
In base 13, what is 1 - -178?
179
In base 11, what is 14 + 145?
159
In base 13, what is -1 + -35?
-36
In base 12, what is -1 + -126?
-127
In base 3, what is 1 + 10?
11
In base 7, what is -15 - -35?
20
In base 16, what is ec - -3?
ef
In base 11, what is -621 + -3?
-624
In base 3, what is -10012 - 11?
-10100
In base 3, what is -12 + 210120?
210101
In base 10, what is 12 - 83?
-71
In base 3, what is 1202 + 10?
1212
In base 13, what is 1 + -1b?
-1a
In base 4, what is 11321 + 0?
11321
In base 13, what is -11 - 1c6?
-207
In base 14, what is c - 1b?
-d
In base 16, what is -3 + 1d8?
1d5
In base 4, what is 11 + -13?
-2
In base 16, what is 20 + -d?
13
In base 15, what is -3e - 8?
-47
In base 9, what is -4 + -113?
-117
